hat is the thousands digit of 1060?
1
What is the tens digit of 31692?
9
What is the units digit of 1440?
0
What is the units digit of 1129?
9
What is the units digit of 465?
5
What is the tens digit of 2877?
7
What is the tens digit of 1433?
3
What is the tens digit of 2621?
2
What is the units digit of 11833?
3
What is the tens digit of 1764?
6
What is the hundreds digit of 2081?
0
What is the thousands digit of 2665?
2
What is the thousands digit of 30681?
0
What is the tens digit of 50596?
9
What is the units digit of 22369?
9
What is the ten thousands digit of 51569?
5
What is the thousands digit of 5923?
5
What is the hundreds digit of 434?
4
What is the hundreds digit of 2466?
4
What is the units digit of 2832?
2
What is the hundreds digit of 205571?
5
What is the units digit of 1229?
9
What is the thousands digit of 25186?
5
What is the hundreds digit of 190?
1
What is the hundreds digit of 6444?
4
What is the tens digit of 4687?
8
What is the thousands digit of 8509?
8
What is the thousands digit of 6487?
6
What is the units digit of 34515?
5
What is the thousands digit of 59604?
9
What is the hundreds digit of 3710?
7
What is the thousands digit of 1689?
1
What is the units digit of 4147?
7
What is the thousands digit of 1472?
1
What is the tens digit of 8754?
5
What is the ten thousands digit of 16974?
1
What is the ten thousands digit of 61631?
6
What is the ten thousands digit of 108453?
0
What is the units digit of 3845?
5
What is the hundreds digit of 324?
3
What is the hundreds digit of 33611?
6
What is the thousands digit of 1590?
1
What is the units digit of 24043?
3
What is the units digit of 10999?
9
What is the units digit of 73631?
1
What is the tens digit of 30022?
2
What is the thousands digit of 7703?
7
What is the thousands digit of 20559?
0
What is the tens digit of 678?
7
What is the units digit of 754?
4
What is the thousands digit of 33655?
3
What is the tens digit of 8225?
2
What is the ten thousands digit of 33003?
3
What is the tens digit of 1397?
9
What is the tens digit of 69658?
5
What is the units digit of 2543?
3
What is the units digit of 1029?
9
What is the tens digit of 19006?
0
What is the units digit of 16?
6
What is the hundreds digit of 241?
2
What is the tens digit of 393?
9
What is the thousands digit of 15943?
5
What is the tens digit of 717?
1
What is the units digit of 614?
4
What is the hundreds digit of 97389?
3
What is the thousands digit of 3135?
3
What is the hundreds digit of 4819?
8
What is the hundreds digit of 24226?
2
What is the thousands digit of 2764?
2
What is the tens digit of 5721?
2
What is the thousands digit of 21466?
1
What is the tens digit of 495?
9
What is the thousands digit of 42015?
2
What is the units digit of 1639?
9
What is the hundreds digit of 3989?
9
What is the ten thousands digit of 59765?
5
What is the tens digit of 7487?
8
What is the hundreds digit of 494?
4
What is the units digit of 14460?
0
What is the ten thousands digit of 74185?
7
What is the units digit of 501?
1
What is the hundreds digit of 5384?
3
What is the thousands digit of 24523?
4
What is the thousands digit of 6343?
6
What is the units digit of 12591?
1
What is the ten thousands digit of 63890?
6
What is the hundreds digit of 331?
3
What is the tens digit of 2763?
6
What is the tens digit of 4990?
9
What is the ten thousands digit of 24019?
2
What is the tens digit of 11640?
4
What is the units digit of 12684?
4
What is the units digit of 412?
2
What is the tens digit of 4258?
5
What is the ten thousands digit of 127939?
2
What is the units digit of 6315?
5
What is the units digit of 1077?
7
What is the units digit of 1340?
0
What is the thousands digit of 121967?
1
What is the hundreds digit of 10524?
5
What is the tens digit of 3536?
3
What is the tens digit of 943?
4
What is the ten thousands digit of 43170?
4
What is the units digit of 4775?
5
What is the ten thousands digit of 114500?
1
What is the units digit of 70886?
6
What is the units digit of 9?
9
What is the ten thousands digit of 64699?
6
What is the hundreds digit of 96342?
3
What is the units digit of 45525?
5
What is the tens digit of 22981?
8
What is the tens digit of 170?
7
What is the hundred thousands digit of 200294?
2
What is the tens digit of 834?
3
What is the units digit of 10759?
9
What is the units digit of 12698?
8
What is the tens digit of 426?
2
What is the hundreds digit of 3319?
3
What is the units digit of 729?
9
What is the tens digit of 16151?
5
What is the units digit of 1207?
7
What is the thousands digit of 3107?
3
What is the hundreds digit of 98025?
0
What is the units digit of 182?
2
What is the thousands digit of 3592?
3
What is the ten thousands digit of 47911?
4
What is the units digit of 118?
8
What is the hundreds digit of 81017?
0
What is the units digit of 148?
8
What is the units digit of 6580?
0
What is the units digit of 695?
5
What is the ten thousands digit of 52382?
5
What is the units digit of 104638?
8
What is the units digit of 21712?
2
What is the units digit of 4984?
4
What is the tens digit of 16733?
3
What is the tens digit of 10533?
3
What is the tens digit of 5555?
5
What is the units digit of 309?
9
What is the tens digit of 94138?
3
What is the hundreds digit of 600?
6
What is the hundreds digit of 62928?
9
What is the units digit of 5057?
7
What is the units digit of 915?
5
What is the hundreds digit of 14403?
4
What is the thousands digit of 5141?
5
What is the thousands digit of 3112?
3
What is the hundreds digit of 101636?
6
What is the tens digit of 20577?
7
What is the thousands digit of 11544?
1
What is the hundreds digit of 38647?
6
What is the tens digit of 111?
1
What is the hundreds digit of 44585?
5
What is the tens digit of 30943?
4
What is the ten thousands digit of 11191?
1
What is the units digit of 713?
3
What is the thousands digit of 4797?
4
What is the units digit of 10677?
7
What is the hundreds digit of 520?
5
What is the thousands digit of 2727?
2
What is the thousands digit of 1018?
1
What is the tens digit of 1130?
3
What is the units digit of 5844?
4
What is the ten thousands digit of 37388?
3
What is the hundreds digit of 5655?
6
What is the ten thousands digit of 13793?
1
What is the thousands digit of 1952?
1
What is the units digit of 1261?
1
What is the thousands digit of 4527?
4
What is the tens digit of 4596?
9
What is the units digit of 63?
3
What is the units digit of 6929?
9
What is the thousands digit of 3186?
3
What is the ten thousands digit of 52360?
5
What is the hundreds digit of 2572?
5
What is the units digit of 818?
8
What is the units digit of 863?
3
What is the tens digit of 443?
4
What is the units digit of 79618?
8
What is the thousands digit of 13257?
3
What is the units digit of 2572?
2
What is the thousands digit of 10625?
0
What is the tens digit of 25964?
6
What is the thousands digit of 5179?
5
What is the tens digit of 122?
2
What is the thousands digit of 3055?
3
What is the tens digit of 130401?
0
What is the hundreds digit of 1343?
3
What is the tens digit of 32760?
6
What is the thousands digit of 45603?
5
What is the tens digit of 5905?
0
What is the tens digit of 210?
1
What is the tens digit of 587?
8
What is the hundreds digit of 2000?
0
What is the tens digit of 1596?
9
What is the units digit of 50300?
0
What is the units digit of 9283?
3
What is the ten thousands digit of 12897?
1
What is the units digit of 72041?
1
What is the units digit of 30243?
3
What is the tens digit of 9556?
5
What is the tens digit of 827?
2
What is the units digit of 72791?
1
What is the tens digit of 7172?
7
What is the tens digit of 815?
1
What is the thousands digit of 4511?
4
What is the units digit of 5354?
4
What is the units digit of 69716?
6
What is the tens digit of 37542?
4
What is the tens digit of 1806?
0
What is the thousands digit of 61390?
1
What is the ten thousands digit of 40996?
4
What is the hundreds digit of 608?
6
What is the units digit of 138245?
5
What is the hundreds digit of 3599?
5
What is the thousands digit of 25689?
5
What is the hundreds digit of 2229?
2
What is the units digit of 5957?
7
What is the units digit of 890?
0
What is the thousands digit of 6983?
6
What is the thousands digit of 1598?
1
